3
Suppose 24*d - 3*d = 591229 + 720935. What is the hundreds digit of d?
4
What is the hundreds digit of 36*39147/78 - 92/(-598)?
0
Suppose -730 = -4*h - 3*f + 797, 2*f = 5*h - 1880. Suppose -h = -2*t + 456. What is the hundreds digit of t?
4
Suppose -5*t - 4*w = -t - 3328, 3*w - 12 = 0. Suppose 9*f - 18*f + t = 0. What is the units digit of f?
2
Let s(k) = -k**2 + 31*k - 23. Let z be s(30). Let d(v) = -v + 5. Let x be d(z). What is the tens digit of -14 + 19 - 276/x?
4
Suppose -4*r + 4 - 16 = 0, 3*f - r = 40374. What is the ten thousands digit of f?
1
Let h(s) = -56*s - 8. Let v(w) = -54*w - 9. Let p(l) = 3*h(l) - 2*v(l). Suppose 0*t = -7*t - 14. What is the hundreds digit of p(t)?
1
Suppose -7*r - 98 + 7 = 0. Let w be (-2)/(-3)*-3 - r. Suppose 54 = o - w. What is the units digit of o?
5
Suppose 3*u + 2 + 34 = 0. Let p = u + 8. What is the units digit of (-20)/(-1)*p/(-5)?
6
What is the tens digit of ((-2)/(4/(-31)))/((-2)/(-2840))?
1
Let h = -134 - -278. Suppose 0 = 4*s - 10*s + h. What is the hundreds digit of (-1*56)/((-102)/s + 4)?
2
Let v(x) = x**2 - 10*x + 18. Let c be v(8). Suppose -12 = -c*l - y + 9, 4*l = y + 27. What is the tens digit of ((-23)/2)/(2 - 20/l)?
2
What is the units digit of 294/4 + 259/(-74)?
0
Let p = 2032 + -3250. Let m = p - -1716. What is the hundreds digit of m?
4
Let o(a) = -8*a - 11. Let r be o(-2). Suppose -3*c + r = -2*c. Suppose 255 = 5*d - 5*f + 15, 3*d + c*f = 168. What is the units digit of d?
1
Let z = -1406 + 2133. Suppose -353 - z = -5*w. What is the hundreds digit of w?
2
Let f be 9 - 1/(-1) - 6. What is the hundreds digit of 190536/252 + f/(-42)?
7
Let x(i) = i - 7. Let u be x(10). Suppose u*f = 100 + 59. Suppose 0 = f*w - 49*w - 496. What is the hundreds digit of w?
1
Let s(c) be the first derivative of 7*c + 3*c**2 + 8 - 1/3*c**3. What is the tens digit of s(5)?
1
Suppose 2*g + 3487 - 18445 = 20702. What is the thousands digit of g?
7
Suppose -22*n + 0*n + 198751 = -68285. What is the ten thousands digit of n?
1
Let c(j) = 3*j**3 - 2*j**2 + 4*j - 9. Let t = -61 - -62. Let y be 3 + 1/t - 1. What is the tens digit of c(y)?
6
Let c be 3 + -1 + (0 - -23). Let i(r) = -148*r + 592. Let k be i(4). Suppose 4*j - 13 = 4*x - j, 5*j - c = k. What is the units digit of x?
3
Let y = 1238 + -294. Let t = -645 + y. What is the hundreds digit of t?
2
Suppose -6*d - 2 = -14. Suppose 0 = -n + 4*h + 186, -d*n = n - 2*h - 518. What is the tens digit of n?
7
Let b(q) = 4*q**2 + 191*q - 45. Let u be b(-48). Suppose -2457 = -u*z - 6*o + 9*o, o + 3 = 0. What is the hundreds digit of z?
8
Let p(t) be the first derivative of t**3/3 - 11*t**2/2 + 12. Let v be p(11). Suppose v*r + 2*r = 106. What is the units digit of r?
3
Suppose 3*t = -2*n - 1504, -5*t - 2*n - 186 - 2322 = 0. Let z = -246 - t. What is the hundreds digit of z?
2
What is the hundreds digit of (-24)/(14213/86742 + (-2)/12)?
5
Let o(x) = 13*x + 12. Let z be o(-3). Let y(v) = 2*v**2 + 35*v - 4. What is the tens digit of y(z)?
0
What is the tens digit of -4 - (-650)/169 - 4561452/(-78)?
8
Suppose 32923 = 3*z + 5*j, -182*z + 178*z + 43932 = -2*j. What is the thousands digit of z?
0
Let q be (4 + (-52)/16)*(2 - -142). Suppose q = x + 278. What is the units digit of (0 + -1)/(10/x)?
7
What is the tens digit of ((-508365)/(-11))/13*2?
1
Let d = 6770 - 5934. What is the hundreds digit of d?
8
Let v(o) = -53*o**3 + o**2 + 2*o - 2. Let r be v(1). What is the tens digit of (-2)/(r/7310) + (-2)/13?
8
Let o(n) be the third derivative of -n**5/60 - 7*n**4/24 + 3*n**3 + n**2. Let c be o(-9). What is the tens digit of (1/4 - c) + 889/28?
3
Let k = 35576 - 18093. What is the thousands digit of k?
7
Let w(s) = 8*s**2 + 11*s - 16. Let p be w(-10). Suppose 182 = 8*z - p. Suppose -4*l - 2*q = -7*q - z, l - 4*q = 24. What is the units digit of l?
8
Suppose -65*s + 8 = -63*s. Suppose -3*k = s*w - 1135, -5*w - 176 = -k + 215. What is the hundreds digit of k?
3
Let j(d) be the third derivative of 0 - 1/6*d**3 + 31/8*d**4 + 17*d**2 + 0*d. What is the units digit of j(1)?
2
Suppose u + 2 = -2*u + 2*f, 4 = -2*u + 4*f. Suppose 20*q - 25 - 1115 = u. What is the tens digit of q?
5
What is the units digit of (-7)/(147/14) - ((-137921)/21 - 6)?
3
Suppose -82803 - 620250 = -9*z. What is the thousands digit of z?
8
Let k = -5843 + -2661. What is the units digit of k/(-16)*2*1?
3
Suppose 0 = 4*x + 5*i - 71, x + 2*i + 6 = 20. Let v(u) = -4*u + 43. Let r be v(10). Let n = r + x. What is the units digit of n?
7
Let w = -34 - -47. Suppose -w + 28 = 5*k. Suppose -140 = -k*f - 2*m, -5*m - 22 = f - 86. What is the tens digit of f?
4
Suppose 1717400 = 153*n + 128*n - 33*n. What is the units digit of n?
5
Let m(g) = -g**3 + 5*g**2 + g. Let l = 3 + 1. Suppose 0 = -5*k - l*n + 37, k + 26 = 5*k + 2*n. What is the units digit of m(k)?
5
Suppose -f + 524 + 227 = 0. What is the hundreds digit of f?
7
Let f(t) = -2*t**2 - 5*t + 3. Let b be f(-3). Suppose 4*q - 401 + 85 = b. Let h = q + 8. What is the tens digit of h?
8
Let c(n) = n**3 + 3*n**2 - 2*n + 2. Let y be c(-3). Let w be (-10)/(-40) + 8190/y. Suppose 0 = -0*b + 8*b - w. What is the hundreds digit of b?
1
Let m(d) = -25*d + 25. Suppose -5*o - 4*g = -15, -5*o + 4 + 11 = -g. Let w(f) = -25*f + 26. Let b(k) = o*w(k) - 4*m(k). What is the tens digit of b(6)?
2
What is the tens digit of (-1)/9*84065331/(-245) + (-4)/(-30)?
2
Suppose 0 = -14*m + 34562 - 11672. Let d = m + -613. What is the thousands digit of d?
1
Suppose -n - 29*p + 5306 = -33*p, -5*n = p - 26467. What is the units digit of n?
4
Let n = -122 - -134. Let u(i) = i**3 - 8*i**2 - 24*i - 9. What is the units digit of u(n)?
9
Suppose -74*l = -87*l - 416. Let p(b) = -8*b + 89. What is the units digit of p(l)?
5
Suppose 66 = 5*s - 34. Suppose -12597 - 783 = -s*h. What is the hundreds digit of h?
6
Let t = 1242 - -42. Let m = t + -790. What is the units digit of m?
4
Let s be 3 - (459 + 2)*3. Let y be 3*(s/9)/(-4). Suppose -139 = -u - 3*p + y, 982 = 4*u - 5*p. What is the tens digit of u?
4
Suppose 14759 + 13337 = 3*r - 15479. What is the units digit of r?
5
Let b = -124 + 74. Let a = -107 - b. Let i = 74 + a. What is the tens digit of i?
1
Let x(i) = 21*i + 28. Let p be x(-6). Let w = p + 111. Suppose -h + 92 = 18*m - w*m, 371 = 3*h - 4*m. What is the units digit of h?
7
Suppose -6*u + 27 + 189 = 0. Let z be (-8)/u + (-60)/(-27). Suppose b + z*m - 6*m = 131, 0 = -b - 2*m + 143. What is the units digit of b?
9
Let q(h) = -h**2 + 29. Let a be q(-5). Suppose 0 = a*v - 20, -2*o + v + 0*v - 7 = 0. What is the tens digit of -6 + 9 + o + 131?
3
Let c(y) = 7*y - 5. Let o be (-2)/(0 + (-4)/8). Let g be c(o). Suppose 2*p = 141 - g. What is the units digit of p?
9
Let z = 973 + -881. Suppose -83*n - 13248 = -z*n. What is the units digit of n?
2
Suppose 39*s = 66*s - 260739. What is the units digit of s?
7
Let y be (-22)/121 - (-4)/22 - 14. Let b(o) = -o**3 - 10*o**2 + 7*o + 4. Let f be b(y). Let q = f - 401. What is the tens digit of q?
8
Suppose -7*q + 594 = 573. Suppose q*v - 6*v = 2*i - 1054, -i - 5*v = -527. What is the tens digit of i?
2
Suppose 49*f = 31*f - 72. What is the hundreds digit of (5*(-4)/(-20))/(f/(-4324))?
0
Suppose 2*j + 3*v - 18 = 0, -j + v = -2*j + 8. What is the hundreds digit of 401 + (j/(-36)*0)/(-1)?
4
What is the hundreds digit of (-1 - -7) + 572318/19?
1
Let g be 3/(45/(-2)) - 39/45. Let z be g + ((-60)/(-70))/(4/14). Suppose 16 = -z*i + 32. What is the units digit of i?
8
Let l(c) = c**3 + 134*c**2 + 103*c - 829. What is the units digit of l(-127)?
3
Suppose d + 2*n - 4*n = 6493, d - n - 6499 = 0. What is the units digit of d?
5
Suppose -h - 5*r - 339 = 0, 6*h - r + 634 = 4*h. Let i = -231 - h. What is the units digit of i?
8
Let v(m) be the third derivative of 7/6*m**3 - 2*m**2 + 0 + 0*m - 31/24*m**4. What is the hundreds digit of v(-3)?
1
Let q(y) = 28*y + 310. Let f(m) = -32*m - 309. Let k(n) = -2*f(n) - 3*q(n). What is the tens digit of k(-17)?
2
Let r(h) be the first derivative of 199*h**3/3 + 3*h**2 - 7*h - 28. What is the units digit of r(-3)?
6
Let f = -49 - -16. Let h = f + 183. What is the tens digit of h?
5
Let o(l) = 4*l**2 - 6*l**2 - 2*l**2 - 1 + 9*l**3 - 3*l. What is the units digit of o(5)?
9
Let m(s) = s**2 + 18*s + 31563. What is the hundreds digit of m(0)?
5
Sup